 + 11?
120112
In base 12, what is 881 - 9?
874
In base 16, what is 3 + -d8?
-d5
In base 2, what is -100 + -1111?
-10011
In base 8, what is -477 - 6?
-505
In base 11, what is -2 - 58?
-5a
In base 14, what is 0 + 776?
776
In base 3, what is -12200 - 212?
-20112
In base 2, what is -1110 - -111?
-111
In base 9, what is 411 - -4?
415
In base 10, what is 75 + 2?
77
In base 13, what is 0 - -691?
691
In base 14, what is 3 - 9bc?
-9b9
In base 2, what is 1000000 + 110?
1000110
In base 12, what is -1 - -6a?
69
In base 2, what is -1000 - -1101000001?
1100111001
In base 7, what is 4 - 23?
-16
In base 7, what is -1 + 6001?
6000
In base 14, what is 0 + -28d?
-28d
In base 9, what is 17 + -12?
5
In base 11, what is -4476 - 2?
-4478
In base 16, what is 2 + 499?
49b
In base 16, what is 29 - 6?
23
In base 16, what is -1 + -5e?
-5f
In base 4, what is 302 + 3?
311
In base 16, what is -1545 + 0?
-1545
In base 14, what is 322 + -3?
31d
In base 14, what is 5 + -96?
-91
In base 4, what is 10330 + 11?
11001
In base 6, what is -22452 + -4?
-22500
In base 10, what is 306 + -4?
302
In base 13, what is 39b - -1?
39c
In base 11, what is -2a0 + 0?
-2a0
In base 8, what is -605 + 66?
-517
In base 2, what is 101 - 111001?
-110100
In base 10, what is 480 + 7?
487
In base 10, what is 1263 - 5?
1258
In base 6, what is -1 + 55?
54
In base 6, what is -5320 - -2?
-5314
In base 6, what is 1 - 5425?
-5424
In base 6, what is -3 - -30131?
30124
In base 12, what is 117 - 2a?
a9
In base 10, what is -3547 + 4?
-3543
In base 2, what is -1100 + -1101100011?
-1101101111
In base 7, what is -10 - -1522?
1512
In base 7, what is 156 - 166?
-10
In base 10, what is 82 + -2?
80
In base 10, what is 34 - 6?
28
In base 11, what is -79 - a?
-88
In base 6, what is 340 - 5?
331
In base 10, what is -18 - -44?
26
In base 8, what is -2 - 1235?
-1237
In base 2, what is 1111101 - -100?
10000001
In base 4, what is 1 + 111120?
111121
In base 12, what is -218 + 1b?
-1b9
In base 4, what is -31 + 120?
23
In base 6, what is -5 + 112?
103
In base 4, what is -1313 + -1?
-1320
In base 5, what is -23343 - -2?
-23341
In base 11, what is 146 - 4?
142
In base 11, what is 61 - -3?
64
In base 4, what is 330 + -1?
323
In base 7, what is -2504 + -3?
-2510
In base 11, what is -222 - -1?
-221
In base 7, what is -161 + -2?
-163
In base 8, what is -5 + -3316?
-3323
In base 10, what is -268 - -3?
-265
In base 12, what is 7 + -30?
-25
In base 5, what is -4 + -40?
-44
In base 6, what is 2 - 115?
-113
In base 5, what is 2130 - 0?
2130
In base 13, what is 3 - 7?
-4
In base 16, what is fd5 + -4?
fd1
In base 16, what is -1 - -1eba?
1eb9
In base 9, what is 352 - -6?
358
In base 12, what is -682 + -5?
-687
In base 8, what is 3 - 3272?
-3267
In base 8, what is -3 - -20?
15
In base 2, what is -111111010110 - 0?
-111111010110
In base 11, what is 16569 + 1?
1656a
In base 12, what is -2 - -705?
703
In base 12, what is -916 - -2?
-914
In base 11, what is -8 - 7?
-14
In base 16, what is -1 + -236?
-237
In base 11, what is 1a1 + 1?
1a2
In base 3, what is -1021012 + -21?
-1021110
In base 2, what is -10101001 - 10?
-10101011
In base 9, what is 1240 - 3?
1236
In base 8, what is 1 - -155?
156
In base 5, what is 210 - 3?
202
In base 10, what is 3 + 401?
404
In base 8, what is -7432 - 2?
-7434
In base 9, what is 63 - 138?
-65
In base 7, what is -32 - -5?
-24
In base 13, what is 2 + 75c?
761
In base 4, what is -3 - 32110?
-32113
In base 11, what is 235 + 1?
236
In base 12, what is 4 - 163?
-15b
In base 11, what is 2 - 15?
-13
In base 3, what is -210120100 + -2?
-210120102
In base 15, what is 0 - -15?
15
In base 5, what is -10 + 1?
-4
In base 5, what is -1224 - -1?
-1223
In base 8, what is -10 + 2?
-6
In base 3, what is -1 - 10220?
-10221
In base 5, what is 24110 - 11?
24044
In base 15, what is -8 - -28?
20
In base 9, what is 677 - 5?
672
In base 15, what is -5 + 8d?
88
In base 8, what is 1 + 3?
4
In base 7, what is 5 - -4534?
4542
In base 2, what is -1000101011 + -1?
-1000101100
In base 2, what is 11 + 101101110?
101110001
In base 4, what is -232330 + 2?
-232322
In base 11, what is 2 + -1279?
-1277
In base 14, what is 4 + 56?
5a
In base 3, what is -11 - 2220002?
-2220020
In base 5, what is 34141 + -4?
34132
In base 6, what is 143044 + -5?
143035
In base 14, what is -231c - -1?
-231b
In base 12, what is 85 + -2?
83
In base 11, what is -428 + 6?
-422
In base 5, what is -32 - 314?
-401
In base 6, what is -52 + -200?
-252
In base 11, what is -2 + 36?
34
In base 11, what is 8a - -5?
94
In base 9, what is 83 + -2?
81
In base 7, what is -12315 + 1?
-12314
In base 11, what is -3 + 208?
205
In base 5, what is -20033 - -2?
-20031
In base 10, what is -10 + 40?
30
In base 14, what is 10 + 59?
69
In base 12, what is -520 - 1?
-521
In base 11, what is -1924 + 3?
-1921
In base 5, what is -10 + -143?
-203
In base 6, what is -4 + 5500?
5452
In base 14, what is 5 + 1b?
22
In base 12, what is -86 - 150?
-216
In base 9, what is 131 - 2?
128
In base 10, what is 464 + -40?
424
In base 11, what is a + -1939?
-192a
In base 5, what is -111333 - -3?
-111330
In base 12, what is -30 - a?
-3a
In base 12, what is 0 - -8b?
8b
In base 16, what is -1550 + 2?
-154e
In base 5, what is -1 + 242?
241
In base 12, what is 12 + -28?
-16
In base 8, what is 2753 + -4?
2747
In base 15, what is -2b3 - -1a?
-298
In base 10, what is -10 - 207?
-217
In base 2, what is 100 - 10111?
-10011
In base 12, what is -5 - -159?
154
In base 16, what is -c2 - -4?
-be
In base 8, what is 0 + -62?
-62
In base 14, what is -353 - -3?
-350
In base 12, what is -4b9 + -3?
-500
In base 12, what is -4 - -48?
44
In base 4, what is 1 - 232?
-231
In base 3, what is -2001102 + 0?
-2001102
In base 2, what is -100 - 1111?
-10011
In base 6, what is -13 - 101?
-114
In base 13, what is 3 + 416?
419
In base 7, what is -5 - -530?
522
In base 2, what is -1001 + -1?
-1010
In base 11, what is 2 - -2?
4
In base 14, what is -15 + -10?
-25
In base 7, what is -521 + -10?
-531
In base 3, what is 2 - -20002?
20011
In base 16, what is 328 - 4?
324
In base 11, what is 7 - -149?
155
In base 6, what is -5 - -343?
334
In base 16, what is 0 + b0?
b0
In base 10, what is 3311 + 15?
3326
In base 16, what is -4d3 - -2?
-4d1
In base 3, what is 10 - 12112?
-12102
In base 6, what is 20 - 14210?
-14150
In base 11, what is -25183 + -3?
-25186
In base 13, what is -54 + -41?
-95
In base 8, what is -21 + 55?
34
In base 9, what is -131 + 10?
-121
In base 16, what is -1 - -4e?
4d
In base 8, what is -7 + 3?
-4
In base 11, what is -629 - -4?
-625
In base 8, what is -6 + 21?
13
In base 13, what is -51 - 4?
-55
In base 11, what is -14 + -37?
-50
In base 4, what is 13 + 11?
30
In base 10, what is -11089 + 0?
-11089
In base 5, what is -3 - -100144?
100141
In base 13, what is -24 - 4?
-28
In base 7, what is -3214 + 2?
-3212
In base 8, what is 13 + -4?
7
In base 8, what is -6 - 1205?
-1213
In base 12, what is 21 + -2?
1b
In base 10, what is 260 + 7?
267
In base 7, what is -5 + -136?
-144
In base 6, what is 1 - -2412?
2413
In base 6, what is -5 - -2112?
2103
In base 8, what is 5 - 2?
3
In base 11, what is 32 + 3?
35
In base 2, what is -10011110 - -11?
-10011011
In base 16, what is 2 + -e4?
-e2
In base 12, what is -4 - -43?
3b
In base 7, what is -6041 + 5?
-6033
In base 11, what is 3 + 76?
79
In base 7, what is 3 - 62?
-56
In base 10, what is 4849 - 1?
4848
In base 9, what is 183 + -1?
182
In base 5, what is -2 + -11411?
-11413
In base 15, what is -3b - -4?
-37
In base 6, what is 413 - -11?
424
In base 11, what is -4 + 21?
18
In base 3, what is 12111 - 2?
12102
In base 11, what is -95 - -4?
-91
In base 8, what is 546 + 3?
551
In base 8, what is -5 + -501?
-506
In base 7, what is 1 + -510?
-506
In base 11, what is 1 - -a51?
a52
In base 6, what is -45 + 23?
-22
In base 6, what is -4 + -32?
-40
In base 2, what is -10000110111 - -11?
-10000110100
In base 13, what is -1c + 71?
52
In base 4, what is -1130 + 300?
-230
In base 8, what is 2555 + -4?
2551
In base 2, what is -11000001 - -101101?
-10010100
In base 16, what is -4 + 136?
132
In base 9, what is 185 + 30?
225
In base 3, what is -12121 - 12?
-12210
In base 3, what is -10001 - 20?
-10021
In base 12, what is 56a + 0?
56a
In base 13, what is -14449 - -3?
-14446
In base 5, what is 203 - 1133?
-430
In base 8, what is 4 - 1